{"id":2,"date":"2012-12-11T11:54:09","date_gmt":"2012-12-11T10:54:09","guid":{"rendered":"http:\/\/beta.oo.ljubljana.sviz.si\/wpfolder\/?page_id=2"},"modified":"2022-07-05T09:48:27","modified_gmt":"2022-07-05T08:48:27","slug":"sample-page","status":"publish","type":"page","link":"https:\/\/www.oo.ljubljana.sviz.si\/?page_id=2","title":{"rendered":"O Obmo\u010dnem odboru"},"content":{"rendered":"<h4 align=\"center\"><b>Predstavitev Obmo\u010dnega Odbora Ljubljane in okolice<\/b><\/h4>\n<p style=\"text-align: justify;\">Obmo\u010dni odbor Ljubljane in okolice je najve\u010dji v SVIZ-u. Ustanovljen je bil prvi v Sloveniji in \u017ee v letu 1990 \u0161tel 3.400 \u010dlanov.<\/p>\n<p style=\"text-align: justify;\">Pomembno delo pri uveljavljanju takrat novega sindikata sta opravila sekretarka Zmaga OB\u0160TETAR in prvi predsedujo\u010di v obmo\u010dnem odboru prof. Albert AVGU\u0160TIN\u010cI\u010c. Dana\u0161nja mo\u010d in ugled sindikata delavcev v vzgoji, izobra\u017eevanju, znanosti in kulturi sta plod njegovih javno izra\u017eenih pozivov k v\u010dlanitvi v SVIZ z geslom: \u00bbInterese bomo lahko uveljavljali samo \u0161tevil\u010dno mo\u010dni.\u00ab<\/p>\n<p style=\"text-align: justify;\">K skokovitemu porastu \u010dlanstva so v letu 1991 in 1992 prispevale \u0161tevilne protestne akcije. Omenimo naj samo veliko protestno zborovanje na Trgu republike v Ljubljani, ki smo ga organizirali v podporo zahtevam za sklenitev kolektivne pogodbe in opozorilno stavko za sklenitev aneksa h kolektivni pogodbi (31.5.1995), ki so dokazale enotnost \u010dlanstva in odli\u010dno organizacijo. Lahko re\u010demo, da je SVIZ Slovenije \u0161tevilne dose\u017eke za izbolj\u0161anje pla\u010d, prejemkov, napredovanj v pla\u010dilne razrede, sodelovanje pri upravljanju zavodov ali pa varstvo pravic sindikalnih zaupnikov izbojeval z mno\u017ei\u010dno podporo na\u0161ega \u010dlanstva v Ljubljani. Seveda tu ne smemo pozabiti dela \u0161tevilnih sindikalnih zaupnikov, ki so se s svojim delom v sindikatu mnogokrat v preteklosti in sedaj izpostavili pritiskom vodstev \u0161ol ali zamerili oblastem, vendar brez njih organizacija sindikata ne bi mogla delovati. \u010cedalje bolj se ka\u017ee, da je sindikat v dejavnostih kot so vzgoja, izobra\u017eevanje, kultura, socialno varstvo in raziskovalna dejavnost nadvse potreben. Brez sindikata bi vlade, ministri, \u017eupanstva, da ne omenjamo drugih, ki menijo, da morajo o tem odlo\u010dati, krojili usodo teh dejavnosti v \u0161e ve\u010dji meri po svojih ozkih politi\u010dnih, dnevnih potrebah. Zato bo mo\u010dan SVIZ potreben tudi v prihodnje. Ne delajmo si iluzij, da bo za resni\u010dne potrebe zaposlenih skrbela nekak\u0161na od dr\u017eave pla\u010dana zbornica. In nikar ne verjemimo, da bodo vlade, v kakr\u0161nikoli sestavi \u017ee bodo, kar same od sebe zaznale vso mnogotero problematiko, s katero se dnevno sre\u010dujemo mi, ki smo v \u0161olah, vrtcih, domovih, in\u0161titutih, kulturi ali na univerzi najve\u010dkrat ve\u010d kot polno zaposleni.<\/p>\n<p style=\"text-align: justify;\">Danes je v obmo\u010dni odbor Ljubljane in okolice vklju\u010denih pribli\u017eno 10.000 \u010dlanov. \u010clanstvu nudimo nepovratne solidarnostne pomo\u010di, \u0161tudijske subvencije, ugodnosti (razvidne v meniju &#8220;Ugodnosti&#8221;) in brezpla\u010dno pravno pomo\u010d. Tu smo \u0161e posebej uspe\u0161ni, saj so zavodi zaradi izgubljenih pravdnih postopkov na\u0161im \u010dlanom morali izpla\u010dati ve\u010d kot milijon EUR.<\/p>\n<p style=\"text-align: justify;\">S privar\u010devanimi sredstvi iz preteklih let ter posojilom GO SVIZ smo v letu 2004 kupili lastne poslovne prostore, kjer se za vas trudimo in vas prijazno pri\u010dakujemo sekretarka, predsednik, strokovni sodelavec za pravne zadeve in tajnica OO.<\/p>\n","protected":false},"excerpt":{"rendered":"<p>Predstavitev Obmo\u010dnega Odbora Ljubljane in okolice Obmo\u010dni odbor Ljubljane in okolice je najve\u010dji v SVIZ-u. Ustanovljen je bil prvi v Sloveniji in \u017ee v letu 1990 \u0161tel 3.400 \u010dlanov. Pomembno delo pri uveljavljanju takrat novega sindikata sta opravila sekretarka Zmaga OB\u0160TETAR in prvi predsedujo\u010di v obmo\u010dnem odboru prof. Albert AVGU\u0160TIN\u010cI\u010c. Dana\u0161nja mo\u010d in ugled sindikata &hellip; <\/p>\n<p><a class=\"more-link btn\" href=\"https:\/\/www.oo.ljubljana.sviz.si\/?page_id=2\">Continue reading<\/a><\/p>\n","protected":false},"author":2,"featured_media":0,"parent":0,"menu_order":1,"comment_status":"closed","ping_status":"closed","template":"","meta":{"footnotes":""},"class_list":["post-2","page","type-page","status-publish","hentry","nodate","item-wrap"],"aioseo_notices":[],"_links":{"self":[{"href":"https:\/\/www.oo.ljubljana.sviz.si\/index.php?rest_route=\/wp\/v2\/pages\/2","targetHints":{"allow":["GET"]}}],"collection":[{"href":"https:\/\/www.oo.ljubljana.sviz.si\/index.php?rest_route=\/wp\/v2\/pages"}],"about":[{"href":"https:\/\/www.oo.ljubljana.sviz.si\/index.php?rest_route=\/wp\/v2\/types\/page"}],"author":[{"embeddable":true,"href":"https:\/\/www.oo.ljubljana.sviz.si\/index.php?rest_route=\/wp\/v2\/users\/2"}],"replies":[{"embeddable":true,"href":"https:\/\/www.oo.ljubljana.sviz.si\/index.php?rest_route=%2Fwp%2Fv2%2Fcomments&post=2"}],"version-history":[{"count":11,"href":"https:\/\/www.oo.ljubljana.sviz.si\/index.php?rest_route=\/wp\/v2\/pages\/2\/revisions"}],"predecessor-version":[{"id":2011,"href":"https:\/\/www.oo.ljubljana.sviz.si\/index.php?rest_route=\/wp\/v2\/pages\/2\/revisions\/2011"}],"wp:attachment":[{"href":"https:\/\/www.oo.ljubljana.sviz.si\/index.php?rest_route=%2Fwp%2Fv2%2Fmedia&parent=2"}],"curies":[{"name":"wp","href":"https:\/\/api.w.org\/{rel}","templated":true}]}}